?
11
What is -3 (base 9) in base 11?
-3
Convert 1 (base 16) to base 12.
1
Convert 13 (base 6) to base 12.
9
Convert -3 (base 10) to base 12.
-3
Convert -3 (base 12) to base 5.
-3
What is -100100 (base 2) in base 5?
-121
55 (base 12) to base 9
72
443 (base 6) to base 3
20100
102 (base 3) to base 14
b
-1334 (base 5) to base 13
-13b
What is 1000 (base 2) in base 13?
8
7 (base 13) to base 2
111
Convert -63 (base 10) to base 2.
-111111
What is 153 (base 12) in base 2?
11001111
-4 (base 6) to base 2
-100
38 (base 16) to base 8
70
-30 (base 4) to base 5
-22
Convert 111 (base 2) to base 3.
21
-1 (base 11) to base 8
-1
Convert 101101011 (base 2) to base 3.
111110
What is 2 (base 3) in base 12?
2
What is 6a (base 15) in base 11?
91
What is -10011010 (base 2) in base 5?
-1104
What is 5b (base 13) in base 11?
6a
Convert -101 (base 2) to base 12.
-5
What is 20 (base 6) in base 3?
110
-1c (base 15) to base 7
-36
-13 (base 13) to base 11
-15
-1110001 (base 2) to base 7
-221
What is 16 (base 16) in base 11?
20
What is -1344 (base 6) in base 11?
-2a0
What is 22 (base 13) in base 12?
24
What is -9 (base 16) in base 12?
-9
-13 (base 7) to base 11
-a
9 (base 10) to base 5
14
Convert -113 (base 6) to base 10.
-45
-10 (base 8) to base 12
-8
What is -2 (base 12) in base 14?
-2
What is 4 (base 14) in base 7?
4
What is 1 (base 9) in base 2?
1
What is 111100 (base 2) in base 11?
55
Convert -4 (base 9) to base 4.
-10
Convert 201 (base 5) to base 6.
123
What is 1 (base 5) in base 16?
1
1 (base 4) to base 10
1
Convert 0 (base 14) to base 15.
0
0 (base 13) to base 4
0
-a (base 16) to base 6
-14
10110 (base 2) to base 15
17
-130 (base 5) to base 14
-2c
What is -18 (base 11) in base 7?
-25
What is 166 (base 10) in base 8?
246
Convert 7 (base 10) to base 3.
21
-1233 (base 4) to base 11
-a1
Convert 9c (base 15) to base 5.
1042
-7 (base 11) to base 2
-111
What is 5 (base 6) in base 9?
5
What is -6 (base 13) in base 3?
-20
Convert 75 (base 9) to base 3.
2112
What is -13 (base 13) in base 3?
-121
3 (base 11) to base 14
3
-547 (base 8) to base 4
-11213
-a (base 13) to base 16
-a
Convert 1 (base 2) to base 8.
1
What is -4 (base 16) in base 2?
-100
Convert 222 (base 10) to base 8.
336
Convert 4c (base 15) to base 2.
1001000
-332 (base 4) to base 12
-52
Convert -1 (base 9) to base 8.
-1
What is -20 (base 13) in base 6?
-42
-6 (base 14) to base 8
-6
10011 (base 2) to base 16
13
124 (base 5) to base 16
27
-40 (base 11) to base 12
-38
2 (base 7) to base 4
2
What is 1020 (base 4) in base 7?
132
Convert 4 (base 8) to base 4.
10
-11 (base 2) to base 3
-10
-26 (base 14) to base 3
-1021
What is -423 (base 6) in base 7?
-315
70 (base 12) to base 5
314
Convert 3 (base 16) to base 3.
10
Convert -4 (base 14) to base 2.
-100
What is -9 (base 16) in base 8?
-11
10 (base 3) to base 6
3
Convert b (base 14) to base 2.
1011
-1 (base 7) to base 10
-1
Convert -3012 (base 4) to base 5.
-1243
-10 (base 4) to base 3
-11
-30 (base 7) to base 12
-19
Convert -14 (base 9) to base 10.
-13
-16 (base 9) to base 12
-13
-39 (base 10) to base 9
-43
101 (base 2) to base 7
5
What is -10 (base 3) in base 5?
-3
Convert -6 (base 13) to base 12.
-6
What is -130 (base 13) in base 15?
-dd
What is -38 (base 12) in base 6?
-112
What is -21 (base 6) in base 2?
-1101
What is 13 (base 5) in base 3?
22
Convert -10010 (base 3) to base 7.
-150
What is 113 (base 5) in base 12?
29
Convert -100 (base 2) to base 8.
-4
1 (base 14) to base 15
1
22 (base 15) to base 4
200
Convert 32 (base 4) to base 15.
e
-2 (base 10) to base 2
-10
-2 (base 13) to base 10
-2
What is -30 (base 14) in base 2?
-101010
-3 (base 16) to base 15
-3
What is 16 (base 13) in base 4?
103
What is -6 (base 13) in base 4?
-12
-143 (base 5) to base 9
-53
What is 4 (base 6) in base 5?
4
1 (base 13) to base 4
1
Convert -17 (base 14) to base 7.
-30
-130 (base 15) to base 14
-154
-1 (base 14) to base 4
-1
Convert -6 (base 9) to base 4.
-12
Convert 6 (base 12) to base 11.
6
-86 (base 14) to base 2
-1110110
Convert 2031 (base 5) to base 8.
412
What is -11 (base 13) in base 15?
-e
What is 9 (base 10) in base 5?
14
29 (base 16) to base 2
101001
Convert 10001 (base 2) to base 3.
122
What is -1 (base 9) in base 3?
-1
Convert 26 (base 11) to base 13.
22
53 (base 12) to base 7
120
Convert 45 (base 8) to base 3.
1101
-210 (base 5) to base 16
-37
What is 140 (base 7) in base 11?
70
Convert 0 (base 3) to base 2.
0
Convert 2 (base 7) to base 15.
2
Convert 36 (base 9) to base 14.
25
Convert -12 (base 15) to base 13.
-14
-9 (base 11) to base 14
-9
-11 (base 7) to base 2
-1000
What is -2 (base 11) in base 16?
-2
1221 (base 4) to base 15
70
0 (base 14) to base 13
0
What is -13 (base 5) in base 12?
-8
What is -5 (base 7) in base 2?
-101
6 (base 7) to base 14
6
Convert 15 (base 14) to base 9.
21
Convert -4 (base 15) to base 16.
-4
Convert 1221 (base 3) to base 11.
48
Convert -11001101 (base 2) to base 4.
-3031
Convert 5 (base 9) to base 11.
5
Convert -7 (base 16) to base 7.
-10
-2 (base 7) to base 11
-2
What is -29 (base 13) in base 2?
-100011
What is -88 (base 9) in base 4?
-1100
Convert -15 (base 11) to base 14.
-12
0 (base 9) to base 3
0
What is 5 (base 8) in base 13?
5
What is -203 (base 10) in base 3?
-21112
-11 (base 3) to base 6
-4
What is -1320 (base 4) in base 12?
-a0
44 (base 14) to base 3
2020
Convert -13 (base 10) to base 2.
-1101
Convert -100010 (base 2) to base 11.
-31
Convert -11 (base 8) to base 3.
-100
-2 (base 11) to base 4
-2
Convert -4 (base 5) to base 8.
-4
-3 (base 14) to base 3
-10
-3 (base 7) to base 5
-3
a3 (base 13) to base 8
205
What is -1f (base 16) in base 11?
-29
What is -4 (base 5) in base 7?
-4
What is e8 (base 16) in base 15?
107
What is 3 (base 15) in base 4?
3
Convert 35 (base 16) to base 9.
58
Convert 1 (base 16) to base 15.
1
What is -b (base 16) in base 13?
-b
101 (base 2) to base 3
12
What is -333 (base 9) in base 12?
-1a9
What is -b (base 13) in base 12?
-b
What is 46 (base 16) in base 2?
1000110
0 (base 3) to base 13
0
What is -1 (base 5) in base 11?
-1
What is 231 (base 6) in base 2?
1011011
Convert -15 (base 6) to base 3.
-102
What is 8 (base 13) in base 5?
13
15 (base 6) to base 2
1011
21 (base 5) to base 9
12
Convert -13 (base 4) to base 11.
-7
Convert -20211 (base 3) to base 8.
-270
-50 (base 10) to base 14
-38
Convert -210 (base 4) to base 7.
-51
15 (base 6) to base 13
b
Convert -30 (base 4) to base 16.
-c
What is -8 (base 14) in base 11?
-8
-100 (base 2) to base 4
-10
What is -11000100 (base 2) in base 3?
-21021
What is 2a (base 15) in base 3?
1111
What is 20 (base 10) in base 8?
24
Convert 1 (base 13) to base 10.
1
What is 32 (base 7) in base 4?
113
What is -3 (base 11) in base 12?
-3
Convert 2 (base 14) to base 10.
2
Convert -1010 (base 2) to base 8.
-12
-11 (base 5) to base 15
-6
10 (base 4) to base 13
4
What is 11 (base 4) in base 10?
5
Convert -120 (base 6) to base 2.
-110000
-122 (base 4) to base 14
-1c
Convert 39 (base 11) to base 4.
222
-7a (base 12) to base 16
-5e
What is cd (base 14) in base 16?
b5
3 (base 5) to base 12
3
What is 8 (base 13) in base 2?
1000
What is 11100 (base 2) in base 14?
20
What is 1014 (base 5) in base 14?
98
What is -20 (base 3) in base 7?
-6
-5 (base 7) to base 8
-5
Convert -4 (base 15) to base 6.
-4
61 (base 10) to base 14
45
Convert 1 (base 9) to base 13.
1
Convert 6c (base 16) to base 6.
300
Convert -4 (base 15) to base 12.
-4
What is -20 (base 16) in base 13?
-26
Convert 3 (base 8) to base 12.
3
4 (base 16) to base 3
11
What is 100 (base 9) in base 3?
10000
Convert -1 (base 14) to base 15.
-1
Convert d (base 15) to base 11.
12
What is 2122 (base 3) in base 9?
78
-131 (base 4) to base 16
-1d
Convert -41 (base 13) to base 11.
-49
Convert -5 (base 6) to base 14.
-5
-57 (base 11) to base 13
-4a
-3 (base 5) to base 16
-3
1 (base 10) to base 8
1
Convert 1110 (base 2) to base 3.
112
-32 (base 10) to base 4
-200
Convert 1 (base 12) to base 2.
1
Convert -20 (base 4) to base 11.
-8
10 (base 2) to base 5
2
Convert 14 (base 14) to base 6.
30
Convert 45 (base 11) to base 12.
41
1421 (base 6) to base 11
30a
-16 (base 16) to base 9
-24
Convert -61 (base 14) to base 13.
-67
What is 1 (base 7) in base 3?
1
What is 13 (base 9) in base 8?
14
What is 5 (base 16) in base 4?
11
Convert -1 (base 15) to base 7.
-1
Convert -19